= -m. Let a be -2 - (m - (4 + 0)). Let w = -11 - a. Let h(k) = k**3 + 4*k**2 - 2*k + 5. Give h(w).
13
Let s(t) = t**3 - 10*t**2 + 7. Let z be s(10). Let m(x) = 14*x - z - x**3 + 17*x**2 - 11*x**2 - 6*x. Give m(7).
0
Suppose -9 = -13*n + 4. Let a(h) = -5*h**3 + 1. Calculate a(n).
-4
Let a(g) = 17 - 27669*g**3 + 4 + 27670*g**3 + 18 - g**2 - g. Determine a(0).
39
Suppose 0 = n + 3*s - 12, s = n - 2 - 2. Let u = -62 + 63. Let m(w) = -3 - 11*w + 12*w + 5 - u. Determine m(n).
7
Let p(w) be the third derivative of w**6/120 - w**5/10 - w**3/2 - w**2. Calculate p(5).
-28
Suppose -2*r = -5 - 103. Let s(h) = 2 - 28*h - 27*h + r*h + h**2. Calculate s(0).
2
Let a = 516 - 536. Let c(o) = 3*o + 65. What is c(a)?
5
Let f(p) = 2*p**2 - 3*p. Let r(a) = 2*a**3 + 7. Let z be r(0). Suppose 4*b = 3*k + 6, 3*b - z = -2*k + 6. Determine f(b).
9
Let i(r) = -2*r - 7. Let p(d) = 5*d + 12. Let t(x) = -10*i(x) - 6*p(x). Determine t(1).
-12
Let o(f) = f**3 - 6*f**2 - 2. Let i(k) = -k + 22. Let j be 288/27*(-6)/(-8)*2. Let x be i(j). Calculate o(x).
-2
Let q(r) = 3*r - 11. Let w be q(5). Let k(i) = 7 + 2*i**3 - 10 + 5*i**2 + 5 - 3*i**3 - 4*i. Calculate k(w).
2
Let j be (-14)/(-8) - (-89)/356. Let q(y) be the first derivative of 3/2*y**j + 1/4*y**4 - 8 + y + 4/3*y**3. Determine q(-3).
1
Let i(o) = 4*o + 1. Suppose -4*c - 2*x + 4*x + 4 = 0, c + 2*x = 11. Suppose c*t = 2*l - 8, 4*t + 3*l + 10 = 22. Suppose t*j = 2*j - 2. Determine i(j).
5
Suppose -5*f + 16 = m, 3*f - 3*m - 30 = -6. Let v(q) be the second derivative of -q**3/6 - 2*q**2 - 3*q + 2592. Determine v(f).
-8
Let g(r) = -r**3 + 4*r**2 + r - 5. Let t(o) = -o**2 - 4*o - 1. Let v be t(-3). Let y = v + -4. Let w be 286/77 + y/(-7). Calculate g(w).
-1
Suppose 0 = -3*w + 4*c - 4, w - c + 1 = -w. Suppose w = 18*f - 17*f - 7. Let t(d) = d**3 - 7*d**2 - d - 2. What is t(f)?
-9
Let y(g) = -3*g + g**3 + 10 + 2*g**2 + 14 - 27. Let b be 1/(1 + (-3)/6). Suppose 3*j = -r + j, b*r + 5*j = 1. Determine y(r).
3
Let x(k) = -10*k**2 + 10*k**2 - 2*k**2 + 5*k**2. Suppose 0 = -3*j - 2*j, -2*j = l + 1. Let v be (0 + (l - 0))*-1. Determine x(v).
3
Suppose -3*i - 2 = -5*i. Let b(o) = i - o**2 + 3*o + 3*o - 4*o. Suppose -2*x + 0 - 4 = 0. Determine b(x).
-7
Let b(i) be the third derivative of -i**7/840 - i**6/360 - i**5/120 + i**4/24 - 13*i**3/6 + 8*i**2. Let r(f) be the first derivative of b(f). Determine r(0).
1
Let d = 1363 - 1376. Let q(p) = -p - 28. Calculate q(d).
-15
Suppose -33*w = -581 + 218. Let p(o) = o**3 - 9*o**2 - 22*o - 1. Calculate p(w).
-1
Let h(x) = -5*x + 3. Let b be -1 + 0 + 1*5. Let d(t) = -b - 3*t + 3 + 3. Let r(p) = 7*d(p) - 4*h(p). Calculate r(6).
-4
Let c(m) be the second derivative of m**3/6 + 4*m**2 + 2*m. Let s be (-14 - (18 + -8))/2. What is c(s)?
-4
Let l(u) = u**2 + 7*u + 8. Let q(p) = 4*p - 239. Let o be q(58). Give l(o).
8
Let k = 15 - 10. Suppose k*s + 75 = -0*g + 4*g, -3*s = g - 6. Suppose 2*r + r = -g. Let f(v) = -v - 11. Calculate f(r).
-6
Let v(r) = 3*r**2 + 2*r + 2. Let j be 0 - (-4 + 0 - 2). Suppose -8 - 4 = j*l. What is v(l)?
10
Let o(v) be the third derivative of 0 + 27*v**2 + 0*v - 1/3*v**4 - 1/60*v**5 - 3/2*v**3. Determine o(-8).
-9
Let v(f) = -6*f + f**3 + 2 + f**2 + 0 - 5*f**2. Let k = 111 + -108. Suppose -k*m - 3*j = 2*j, 5 = -2*m - 5*j. What is v(m)?
-3
Let s(o) = -14*o**2 - 5*o + 2. Let f(k) = -2*k - 34*k**2 + 1 + 62*k**2 - 33*k**2. Let z(p) = 17*f(p) - 6*s(p). Determine z(-6).
-7
Let p(g) = -g**3 - 6*g**2 - 1. Let i be 0/(-2) - (-9 - -13). Let z(t) = -t**3 - 4*t**2 + 2. Let n be z(i). Suppose 2*s = -n - 10. Calculate p(s).
-1
Let u(j) be the third derivative of j**5/20 - 2*j**3/3 + j**2 + 10. Give u(3).
23
Let g(d) = 23*d**3 + 4*d**2 - 4*d - 1. Let s(a) = -22*a**3 - 3*a**2 + 3*a + 1. Let c = -43 - -47. Let h(l) = c*g(l) + 5*s(l). Give h(1).
-17
Suppose -22*t + 23*t - 6 = 0. Let g(m) = 2*m - 7. Determine g(t).
5
Suppose 3*j + 15 = 5*d, -5*d - j = -2*j - 5. Let m(y) be the second derivative of -3/2*y**2 + d - 1/3*y**3 + 2*y + 1/12*y**4. Calculate m(4).
5
Let u(w) = w. Let g(l) = 5*l - 28. Let v(s) = -g(s) + 3*u(s). What is v(12)?
4
Let p(m) = 5*m**2 + 26*m - 63. Let y be p(-7). Let t(x) = 3*x**2 + x - 1. What is t(y)?
-1
Let a(z) = z**2 + 5*z + 1. Suppose -5*d + 174 = 24. Let m be ((-7)/((-63)/d))/((-10)/15). What is a(m)?
1
Let v(y) be the second derivative of y**5/20 + y**4/3 + y**3/3 + y**2 + 24*y + 5. Let c = 1 + -3. Give v(c).
6
Let y = -9 - -20. Let c(f) = -f**3 + 10*f**2 - 17*f + 9. Let t be c(8). Suppose 3*p = -y - t. Let r(k) = k - 1. What is r(p)?
-5
Let q be (-60)/25 - -17 - (-3)/(-5). Let o(h) = h - 19. Calculate o(q).
-5
Let g(p) be the second derivative of -p**7/1260 - p**6/240 + p**5/60 - 7*p**4/6 - 11*p. Let a(f) be the third derivative of g(f). Determine a(-3).
-7
Let b = 125 + -127. Let x(k) be the second derivative of k**3/6 + k**2/2 - k. What is x(b)?
-1
Let z(b) = b**2 - b - 6. Suppose -38 = 5*d - 53. What is z(d)?
0
Let q(l) = -l**2 + l + 6. Let t be q(3). Suppose f + t*f = 3. Let g(v) = -4 + f - 4 - v - 1. Calculate g(0).
-6
Suppose -4*c - 52 = 3*y, -5*c - 2*y - 82 = -24. Let m(x) = -x - 4. Give m(c).
6
Let n be (8 - (-21)/7)*(2 - 3). Let q(r) = -r**2 - 13*r - 10. What is q(n)?
12
Suppose -g - o = 2*g - 113, -2*g - 3*o = -87. Suppose 3*l + 3*a = -g, l - 15 + 3 = 5*a. Let d(y) = y**3 + 8*y**2 + 2*y + 11. Determine d(l).
-5
Let t(h) = 55*h - 28*h - 30*h + 1 - 4 + 15. Calculate t(7).
-9
Let g = -112 + 124. Let s(t) = t**2 - 15*t + 30. Calculate s(g).
-6
Let o(u) be the third derivative of u**8/20160 - u**7/1008 - u**6/360 + u**5/15 + 12*u**2. Let n(t) be the third derivative of o(t). What is n(4)?
-6
Let a(k) = 4*k**2 - 2*k + 15. Let h(t) = 3*t**2 - t + 15. Let v(m) = 2*a(m) - 3*h(m). What is v(0)?
-15
Let g(r) be the second derivative of r**5/30 - 5*r**3/6 + 5*r. Let z(t) be the second derivative of g(t). Let j be ((-3)/6)/((-1)/(-4)). What is z(j)?
-8
Let a(m) = -15 + 10*m + 3*m - 3 + 22 - m**2. Give a(12).
16
Let c(y) = 4*y - 3. Let j be (-2)/(-1 + (-5)/(-10)). Suppose -4*k + 4*r + 53 = 17, -j*r = 5*k. Give c(k).
13
Let o = 3 - 2. Let k(a) = 839 - a - 2525 - 4*a**2 + 843 + 842 + 3*a. Calculate k(o).
-3
Let b(k) = -1 - 11*k + 0 + 6*k**2 - 8*k**2 + k**2. Calculate b(-10).
9
Let f be 2/2 - 0 - (-1 - 0). Let n(h) = -h + 23*h**f - 1 - 10*h**2 - 5*h**2 - h**2. Give n(-1).
7
Let v = 2 - 7. Let r be (-150)/(-18) - ((-10)/6)/v. Let g(d) = -d. Determine g(r).
-8
Let z(t) be the first derivative of t**3/3 + 3*t**2 - t - 120. What is z(-4)?
-9
Let r(o) = 7 + 2 - 9 + 1 - 6*o - o**2. Suppose -12 = -4*j - 4. Suppose -j*d + 24 = -6*d. What is r(d)?
1
Let f(s) = -s**3 + 7*s**2 - 6*s - 6. Let c be ((-24)/28)/(7/(-294)). Suppose -15*p + 9*p + c = 0. What is f(p)?
-6
Suppose 31 = -5*z - 5*b - 14, z + 1 = 3*b. Let n(i) = 6*i + 35. Let l be n(z). Let x(p) = -p**2 - 6*p - 4. What is x(l)?
-11
Let u(b) be the first derivative of b**3/6 + 5*b**2/2 + 7*b - 23. Let j(x) be the first derivative of u(x). Give j(-5).
0
Let s(m) = -6*m + 2. Let h be -2*2 - (-6 + -33). Let d be ((-32)/10)/(-2) + 14/h. Determine s(d).
-10
Let d(y) = y**3 + 7*y**2 - 5*y - 1. Suppose 3*o = 7*p - 45, 5*o + p + 29 = o. What is d(o)?
-25
Let y(f) = -4*f - 2. Suppose 2*x = -2*x - 8. Let o(z) = -z**3 + 4*z**2 - z - 4. Let v be o(3). Let i be (6 + x)*(-1)/v. Determine y(i).
6
Let c(x) = -9*x**2 - 3 + 39*x**2 - 12*x**2 - 9*x**2 - 11*x**2 - 3*x. Let p(z) = -z**2 - 3*z + 2. Let g be p(-4). Determine c(g).
-5
Let m(n) = -4*n**2 - 8*n + 4. Let o(b) = -5*b**2 - 9*b + 4. Let h(c) = 6*m(c) - 5*o(c). Let u = -2606 + 2610. Give h(u).
8
Let v(c) = 3*c**2 + 2*c - 7. Let f(k) = 4*k**2 + 3*k - 10. Let l(u) = -5*f(u) + 7*v(u). Determine l(6).
31
Let z(m) = 33*m - 1359. Let y be z(41). Let o(x) = -x. Let p(q) = -q. Let f(t) = 5*o(t) - 4*p(t). Give f(y).
6
Let j(y) = y + 7. Let r(u) = -u - 6. Let c(a) = -6*j(a) - 7*r(a). Suppose -g = 4*x - 13, 0 = 3*g + 2*x + 1 - 20. Calculate c(g).
5
Let f(k) be the third derivative of k**4/12 - 2*k**3/3 + 41*k**2. Let o = -23 + 30. Give f(o).
10
Let l(j) = j**2 - 9*j + 1. Let f = 258 + -249. Give l(f).
1
Let y be (-164)/(-2)*(-3 + -3)/(-12). Let n be y - 51 - (-3 + 0 + 0). Let d(m) = m + 14. What is d(n)?
7
Let a(g) = -3*g. Let o(t) = -17*t - 1. Let k(r) = 15*a(r) - 3*o(r). Determine k(-4).
-21
Let w be (-3)/(